Let u be x(7). Let r = -13 - u. Let i(w) = w**2 + 5*w - w**2 - 2 + w**2. What is i(r)?
4
Suppose d = h + 6, -2*d + 3*h - 4 = -17. Suppose 0 = -8*b + 3*b, d*b = -5*p - 10. Let c(v) = 2*v**3 + 3*v**2 - 1. What is c(p)?
-5
Let z be 6 - (6 + -3) - 1. Let h(a) = -4 + a + z + 5. Give h(7).
10
Let m(j) = 3 - 5 + 0 + 5 - j. Let z(h) = -h**2 - 3*h + 4. Let t be z(-3). Let c be m(t). Let o(g) = 7*g**2 + 2*g + 1. What is o(c)?
6
Let m(q) = -q**2 - 5*q + 29. Let a be m(3). Let p(y) = -137*y - 131*y - y**3 + 273*y - 1 - a*y**2. Calculate p(-6).
5
Let y(b) be the second derivative of -4*b**4/3 - b**3/6 - 116*b. What is y(1)?
-17
Let i = -2/1559 - -3124/4677. Let z(l) be the first derivative of 5 - i*l**3 - 1/2*l**2 - l. What is z(2)?
-11
Let x be -2*(3 + -5) + 3. Let n(p) = -p + 1. Let s(r) = -r. Let l(k) = -5*n(k) + 4*s(k). Determine l(x).
2
Let f(z) be the second derivative of -1/12*z**4 - 2*z**2 + 1/20*z**5 - 5*z - 1/2*z**3 + 0. Suppose y - 2 = 1. Calculate f(y).
5
Let n(a) = a**3 + 6*a**2 + 4*a - 5. Let w be n(-5). Suppose -s = -0*s - w*s. Let t(u) = -u**3 + u**2 + u + 1. Determine t(s).
1
Let p(k) = -4*k - 19. Let d(t) = -t - 2. Let f(z) = d(z) - p(z). What is f(-7)?
-4
Let l(k) = k**2 + 1. Suppose 0*h = -3*h. Suppose -5*c + 16 = 4*m, -3*c + 7 = 5*m - h*m. Suppose 3 = v + c. Give l(v).
2
Let o(m) be the first derivative of -5*m**3/3 - m**2 + m + 119. What is o(1)?
-6
Let b(w) = -4*w**2 + 6*w - 3. Let v(i) = 4*i**2 - 8*i + 4. Let s(y) = 3*b(y) + 2*v(y). Let j(k) = k + 11. Let m be j(-10). What is s(m)?
-3
Let g(y) be the first derivative of -y**4/4 + 2*y**3 + 3*y**2/2 + y - 138. What is g(6)?
19
Let a(l) be the third derivative of l**6/120 + l**5/10 - l**4/8 + l**3/6 - 35*l**2 + 3*l. Determine a(-6).
19
Let d(b) = 2*b**3 + 8 - 3*b**3 + 4 + b + 6*b**2 - 13. Suppose -10*y + 75 = 5*y. What is d(y)?
29
Let u(m) be the first derivative of -m**4/4 - 5*m**3/3 + m**2/2 + 3*m + 2. Let w = 53 + -33. Suppose -4 = -4*i + s - w, -i + 5*s + 15 = 0. Calculate u(i).
-2
Let r(o) = o**2 + o - 2. Let b(k) = 2*k + 3. Let u be b(-2). Let x be u/(3/(-6)*-1). Let w be (3 + x)*(-2 + 0). Calculate r(w).
0
Let b be 9 + -6 + 2 - 6. Let o(g) = 34*g. Give o(b).
-34
Let j be (-4 - -1 - -2)*-3. Let p(t) = -9*t - 4 + 13*t - j*t. Suppose 3*n - 7 = 2. What is p(n)?
-1
Let y(z) = -z - 6*z**2 - 6 - 2 + z**3 - 7 + 21. Let k be 3 + (-51)/15 - (-256)/40. Calculate y(k).
0
Let h(v) = 30 + v + v**3 + 6*v**2 + 5*v + 0*v - 24. Let p = 14 + -10. Let x(z) = z - 9. Let r be x(p). What is h(r)?
1
Let m(c) = -c**2 + 22. Let b be m(-5). Let x(j) = 5*j + 7. Determine x(b).
-8
Let x(b) = -b - 12. Let f(w) = 1. Suppose 0 = 169*q - 170*q + 1. Let p(i) = q*x(i) + 4*f(i). Determine p(-6).
-2
Let w(y) = -30*y**2 + 11*y - 22. Let v(z) = 14*z**2 - 6*z + 12. Let k(h) = -11*v(h) - 6*w(h). Calculate k(1).
26
Let v(n) = n**2 + 10*n + 11. Suppose 22 = -4*q + 4*w - 18, 4*w = 3*q + 31. Determine v(q).
2
Let i(g) = -g**2 - g - 6. Let j be 3*(-3)/(-9)*-5. Let s(w) = 2*w**2 + w + 11. Let z(r) = j*i(r) - 3*s(r). Let o = -56 + 58. What is z(o)?
-3
Let b(c) = 4*c**2 + 5*c + 9. Let g(r) = -5*r**2 - 5*r - 10. Let i(d) = 7*b(d) + 6*g(d). Calculate i(4).
-9
Let h = 1 + 1. Suppose -2*m - 3 = 3*u, -4*m = -2*u - h*u - 24. Let p(c) be the first derivative of c**4/4 + 2*c**3/3 - 2*c**2 - c + 1304. Give p(u).
2
Let o(n) = 2*n + 8. Let c(d) = -2*d. Let h(m) = -2*c(m) - o(m). Determine h(10).
12
Let u(p) = -p**2 + 7*p - 5. Let s be -1*30*(-3)/6. Suppose -5*y = s, 2*g + 2 = -0*g - 4*y. What is u(g)?
5
Let s(w) be the second derivative of 1/12*w**4 + w + 0*w**2 + 0 - 2/3*w**3. Suppose m + 3*n + 2 = 7, 2*n = -4*m + 20. Give s(m).
5
Let m(a) = 74*a**3 - 11*a**2 - a - 110*a**3 + 35*a**3 - 2. Determine m(-11).
9
Let s(v) = 6*v**3 - 22*v**2 + 19*v + 7. Let q(o) = 5*o**3 - 19*o**2 + 17*o + 6. Let t(k) = -5*q(k) + 4*s(k). Give t(5).
3
Let t(z) = 5*z**2 - 11*z + 13. Let a(c) = c**2 - c + 2. Let x(h) = -6*a(h) + t(h). Calculate x(-6).
-5
Let v(l) = 4*l - 22. Suppose 4*c - 4*i = 20, -4*c + 50 = 5*i + 21. What is v(c)?
2
Let s(w) = w - 7. Let m be s(7). Let f(y) = 14*y - 10. Let u be (-15)/6*16/10. Let x(a) = 5*a - 3. Let t(b) = u*f(b) + 11*x(b). What is t(m)?
7
Suppose 0 = 2*g + g - 12. Suppose g = o + o. Let t(h) = -4 + 3*h - o - h**2 + 0*h + 3*h. Calculate t(6).
-6
Let b = 9598 + -9604. Let c(k) = 3 - 5*k - 3 + 1 - k**2. What is c(b)?
-5
Let t(b) = b**3 - 8*b**2 + 8*b - 9. Suppose h + 9 = q, -101*q + 96*q - 5*h = -25. Give t(q).
-2
Let s = -13 + 15. Suppose -p + 8 = p, 6 = s*k + p. Let a(n) = -15*n + k - n**3 + 15*n - 2*n**2. Give a(-1).
0
Let a(s) = -13*s + 30. Let r(j) = 7*j - 15. Let c(g) = 6*a(g) + 11*r(g). Let p = 436 + -436. Calculate c(p).
15
Let h(p) = p + 19. Let i be 34/68 - -27*(-1)/2. What is h(i)?
6
Let m(h) = 5*h**2 + 4*h**2 - 4*h**2 + 21*h - h**2. Determine m(-5).
-5
Let z(r) = -4 - 2*r + r**3 + 6*r**2 + 1 + 4*r. Let u = 140 + -68. Let f = 67 - u. Calculate z(f).
12
Let w(m) = -6*m + 3*m + 4*m + 0*m. Let j(l) = -6*l + 4. Let o(f) = j(f) + 2*w(f). What is o(4)?
-12
Let u(j) = j**2 - 7*j - 18. Let l be 24/(-16) - 42/(-4). What is u(l)?
0
Let g(l) = -l + 4. Suppose 0 = j - 2*j. Let r be g(j). Let p(d) = -245 + 125 + 120 + 2*d. Calculate p(r).
8
Let a(t) = -t + 1. Suppose 0 = -9*i - 229 + 22. Let m = i - -18. Give a(m).
6
Suppose 29*y = 30*y + 5. Let v(a) = 2*a - 2. Calculate v(y).
-12
Let m(s) = -12 + 8 - 3*s - 18 + 0 - 9. Give m(-7).
-10
Let q = -329 - -328. Let l(g) = -9*g + 1. Calculate l(q).
10
Let d(a) = -3*a + 28. Let g be d(-7). Let j = -51 + g. Let x(y) = -2*y**2 - 2*y + 2. Determine x(j).
-2
Let g(b) = 52 + 57 + 48 - 149 - 5*b. What is g(11)?
-47
Let i(u) = 2*u - 11. Let b = 207 + -199. What is i(b)?
5
Let g(v) = v**2 + 5*v - 7. Let x(r) = -3*r - 11. Let j be x(-5). Suppose -10 = 3*y + c, -j*c = -3*y - 2*c - 25. Determine g(y).
-7
Let c(a) = 18*a - 48. Let z be c(3). Let r(l) = l + 1. Give r(z).
7
Let t(x) = 2*x - 4. Suppose 4*y + 12 + 4 = 0. Let a be 1*-3*(y - -3). Suppose 13 = a*k - 2. Give t(k).
6
Let r(l) = -5*l**2 + 2*l. Let g be -1*(-10)/(-1 - 4). Give r(g).
-24
Suppose -60*x + 42*x - 72 = 0. Let f(h) = 2*h**2 + h + 2. Give f(x).
30
Let u(f) = 49*f**2 - 158*f**2 - 2*f + 58*f**2 + 52*f**2 + 3. Determine u(4).
11
Let t(s) = -7*s**2 + 2*s + 1. Let r be (40/(-18))/(-1) - 34/153. Suppose -11 = 3*j - 2*u, -4*j - r*u + 8 = u. Calculate t(j).
-8
Suppose -3*f = -6*f + 12. Let v(c) = -6*c - 9 + 2*c**2 - 2 + 14. Let l(j) = -8*j**2 + 24*j - 12. Let b(m) = 2*l(m) + 9*v(m). Give b(f).
11
Let m(l) = -2*l + 99 + 96 - 2*l**2 + 0*l**2 - 197. Determine m(-2).
-6
Let y(f) = f - 9. Let l be (36/(-9))/(12/(-18)). Let g(n) = 2*n - 19. Let m be 26*2*(-2)/8. Let z(x) = l*g(x) + m*y(x). Determine z(6).
-3
Let w be (1 + 6/(-14))*(-105)/30. Let k(f) = -4*f**2 - f + 5. Let i(z) = -z**2 + 1. Let y(t) = -9*i(t) + 2*k(t). Give y(w).
9
Let g(r) = -r**3 - 4*r**2 - 2*r + 8. Suppose 5*x - 36 = 4*j, -5*j + 3*x = 39 - 7. What is g(j)?
16
Let b(r) be the second derivative of r**4/12 - r**3 - 3*r**2 + 140*r. Give b(-4).
34
Suppose -504 = -14*j - 322. Let o(m) = -m**3 + 14*m**2 - 11*m - 18. Determine o(j).
8
Let t(b) be the second derivative of 7*b**4/12 - b**2/2 + 10*b + 128. Suppose 0 = -2*p + 5*p + 3. Give t(p).
6
Let x be -52 + 44 - (0 - 12). Let t(r) = -2*r**2 + 5*r + 2. Let p(s) = 2*s**2 - 5*s - 2. Let a(q) = -6*p(q) - 7*t(q). What is a(x)?
10
Let r = 10 + -5. Suppose n = -3 + 4. Let c(s) = 5*s + 8 - n + 0*s - 7*s. Determine c(r).
-3
Let l(y) be the first derivative of y**6/120 - 2*y**5/15 + y**4/4 + 5*y**3/3 + 9*y**2 + 19. Let j(v) be the second derivative of l(v). What is j(7)?
3
Suppose 7*x - 14 = 7. Let i(l) = 0*l - 13 + 4 - 2*l + x. Give i(-4).
2
Let p(b) = -6*b**2 + 14*b - 3. Let c(j) = 6*j + 69. Let w be c(-11). Give p(w).
-15
Let k(j) = -j - 8. Let t be k(-7). Let o(q) = 348*q - 703*q - 1 + 5*q**3 + 353*q. What is o(t)?
-4
Let k(w) be the first derivative of -w**2/2 + 99. What is k(5)?
-5
Let r be 158/18 - (-48)/216. Let b(l) = -l**3 + 7*l**2 + 17*l + 9. What is b(r)?
0
Let t(j) be the first derivative of -j**3/3 - 3*j**2/2 + 9*j - 185. Determine t(-4).
5
Let w = -24 + 30. Let v(k) = 3*k**2 - w*k**2 + 4*k**2 - k. Determine v(3).
6
Suppose -2*n + 5*i - 33 = 0, -i = -3*i + 10. Let s be n/(-3)*(-45)/(-10). Let t(w) = w**3 - 6*w**2 - w - 3. Ca